{"id":490,"date":"2016-03-21T12:18:13","date_gmt":"2016-03-21T12:18:13","guid":{"rendered":"https:\/\/okthemes.com\/villenoirdarkdemo\/?page_id=490"},"modified":"2025-03-19T09:15:20","modified_gmt":"2025-03-19T09:15:20","slug":"our-winemakers","status":"publish","type":"page","link":"https:\/\/www.montelium.com\/fr\/nos-vignerons\/","title":{"rendered":"Nos vignerons"},"content":{"rendered":"<section class=\"wpb-content-wrapper\"><div data-vc-full-width=\"true\" data-vc-full-width-init=\"false\" data-vc-stretch-content=\"true\" class=\"vc_row wpb_row vc_row-fluid vc_custom_1458562782643 vc_row-no-padding vc_row-o-equal-height vc_row-o-content-middle vc_row-flex\"><div class=\"wpb_column vc_column_container vc_col-sm-12 vc_col-lg-6 vc_col-md-6 vc_col-has-fill\"><div class=\"vc_column-inner  vc_custom_1713023192121\"><div class=\"wpb_wrapper\"><style>@media (max-width: 991px) {.spacer-343516772 {height: 0px !important;}}<\/style><style>@media (max-width: 480px) {.spacer-343516772 {height: 400px !important;}}<\/style><div class=\"vc_empty_space spacer-343516772\"   style=\"height: 500px\"><span class=\"vc_empty_space_inner\"><\/span><\/div><\/div><\/div><\/div><div class=\"wpb_column vc_column_container vc_col-sm-12 vc_col-lg-6 vc_col-md-6 vc_col-has-fill\"><div class=\"vc_column-inner  vc_custom_1636038943798\"><div class=\"wpb_wrapper\">\n\t<div class=\"title-subtitle-box\" style=\" text-align: left;\">\n\t\t<p  style=\"\">Viticulteur<\/p>\n\t\t<h2 style=\" color:#ffffff;  font-style: normal;\">Jos\u00e9 Luis Miguel Izquierdo (Billy)<\/h2>\n\t<\/div> \n\t<div class=\"wpb_text_column wpb_content_element  vc_custom_1742375713887\" >\n\t\t<div class=\"wpb_wrapper\">\n\t\t\t<p style=\"text-align: left;\">Billy a h\u00e9rit\u00e9 de sa famille sa passion pour la r\u00e9colte du raisin. Il prend tellement soin des vignobles que certaines des caves les plus exclusives de la Ribera del Duero, comme Pingus, viennent chaque ann\u00e9e r\u00e9cup\u00e9rer une partie de sa meilleure production. Il estime que la qualit\u00e9 d'un vin d\u00e9pend de la qualit\u00e9 des raisins.<\/p>\n\n\t\t<\/div>\n\t<\/div>\n\n\t<blockquote style=\"color: #ffffff;\" class=\"gg-vc-quote style_1\">\n\tJe ne peux concevoir que l&#039;excellence dans la vie, et Montelium en est un t\u00e9moignage\n\t<\/blockquote><\/div><\/div><\/div><\/div><div class=\"vc_row-full-width vc_clearfix\"><\/div><div data-vc-full-width=\"true\" data-vc-full-width-init=\"false\" data-vc-stretch-content=\"true\" class=\"vc_row wpb_row vc_row-fluid vc_custom_1617308337246 reverse_columns_mobile vc_row-no-padding vc_row-o-equal-height vc_row-o-content-middle vc_row-flex\"><div class=\"wpb_column vc_column_container vc_col-sm-12 vc_col-lg-6 vc_col-md-6 vc_col-has-fill\"><div class=\"vc_column-inner  vc_custom_1636039015126\"><div class=\"wpb_wrapper\">\n\t<div class=\"title-subtitle-box\" style=\" text-align: left;\">\n\t\t<p  style=\"\">\u0152nologue<\/p>\n\t\t<h2 style=\" font-style: normal;\">Juan-Manuel Burgos<\/h2>\n\t<\/div> \n\t<div class=\"wpb_text_column wpb_content_element  vc_custom_1713024079132\" >\n\t\t<div class=\"wpb_wrapper\">\n\t\t\t<p style=\"text-align: left;\">La viticulture a attir\u00e9 l&#039;attention de Juan Manuel Burgos d\u00e8s le d\u00e9but de son adolescence. C&#039;est vers 1992 qu&#039;il d\u00e9cide de commencer ses \u00e9tudes d&#039;\u0153nologie et seulement quatre ans plus tard commence \u00e0 restructurer le vignoble familial. Il poss\u00e8de une cave dans un village pr\u00e8s de Montejo de la Vega qui produit chaque ann\u00e9e un demi-million de bouteilles de vin de premi\u00e8re qualit\u00e9.<\/p>\n\n\t\t<\/div>\n\t<\/div>\n\n\t<blockquote  class=\"gg-vc-quote style_1\">\n\tLes vins sont le r\u00e9sultat d&#039;une mani\u00e8re d&#039;\u00eatre, d&#039;une mani\u00e8re de ressentir le terroir, d&#039;un \u00e9tat d&#039;esprit, d&#039;une personnalit\u00e9. Chaque vin cache une richesse de secrets et de circonstances qui le rendent sp\u00e9cial.\n\t<\/blockquote><\/div><\/div><\/div><div class=\"wpb_column vc_column_container vc_col-sm-12 vc_col-lg-6 vc_col-md-6 vc_col-has-fill\"><div class=\"vc_column-inner  vc_custom_1713023236340\"><div class=\"wpb_wrapper\"><style>@media (max-width: 991px) {.spacer-1566459782 {height: 0px !important;}}<\/style><style>@media (max-width: 480px) {.spacer-1566459782 {height: 400px !important;}}<\/style><div class=\"vc_empty_space spacer-1566459782\"   style=\"height: 500px\"><span class=\"vc_empty_space_inner\"><\/span><\/div><\/div><\/div><\/div><\/div><div class=\"vc_row-full-width vc_clearfix\"><\/div>\n<\/section>","protected":false},"excerpt":{"rendered":"Viticulturist Jos\u00e9 Luis Miguel Izquierdo (Billy) Billy inherited its passion for harvesting grapes from his family. He takes so much care of the vineyards that some of the most exclusive<br class=\"read-more-spacer\"> <a class=\"more-link\" href=\"https:\/\/www.montelium.com\/fr\/nos-vignerons\/\">Read More<\/a>","protected":false},"author":1,"featured_media":3122,"parent":0,"menu_order":0,"comment_status":"closed","ping_status":"closed","template":"","meta":{"ub_ctt_via":"","footnotes":""},"class_list":["post-490","page","type-page","status-publish","has-post-thumbnail","hentry"],"acf":[],"featured_image_src":"https:\/\/i0.wp.com\/www.montelium.com\/wp-content\/uploads\/2023\/12\/timothe-durand-M-82-KCzgMQ-unsplash-scaled-vintage.jpg?fit=2560%2C1706&ssl=1","jetpack_sharing_enabled":true,"_links":{"self":[{"href":"https:\/\/www.montelium.com\/fr\/wp-json\/wp\/v2\/pages\/490","targetHints":{"allow":["GET"]}}],"collection":[{"href":"https:\/\/www.montelium.com\/fr\/wp-json\/wp\/v2\/pages"}],"about":[{"href":"https:\/\/www.montelium.com\/fr\/wp-json\/wp\/v2\/types\/page"}],"author":[{"embeddable":true,"href":"https:\/\/www.montelium.com\/fr\/wp-json\/wp\/v2\/users\/1"}],"replies":[{"embeddable":true,"href":"https:\/\/www.montelium.com\/fr\/wp-json\/wp\/v2\/comments?post=490"}],"version-history":[{"count":9,"href":"https:\/\/www.montelium.com\/fr\/wp-json\/wp\/v2\/pages\/490\/revisions"}],"predecessor-version":[{"id":3487,"href":"https:\/\/www.montelium.com\/fr\/wp-json\/wp\/v2\/pages\/490\/revisions\/3487"}],"wp:featuredmedia":[{"embeddable":true,"href":"https:\/\/www.montelium.com\/fr\/wp-json\/wp\/v2\/media\/3122"}],"wp:attachment":[{"href":"https:\/\/www.montelium.com\/fr\/wp-json\/wp\/v2\/media?parent=490"}],"curies":[{"name":"wp","href":"https:\/\/api.w.org\/{rel}","templated":true}]}}

<section class="wpb-content-wrapper"><div data-vc-full-width="true" data-vc-full-width-init="false" data-vc-stretch-content="true" class="vc_row wpb_row vc_row-fluid vc_custom_1458562782643 vc_row-no-padding vc_row-o-equal-height vc_row-o-content-middle vc_row-flex"><div class="wpb_column vc_column_container vc_col-sm-12 vc_col-lg-6 vc_col-md-6 vc_col-has-fill"><div class="vc_column-inner  vc_custom_1713023192121"><div class="wpb_wrapper"><style>@media (max-width: 991px) {.spacer-343516772 {height: 0px !important;}}</style><style>@media (max-width: 480px) {.spacer-343516772 {height: 400px !important;}}</style><div class="vc_empty_space spacer-343516772"   style="height: 500px"><span class="vc_empty_space_inner"></span></div></div></div></div><div class="wpb_column vc_column_container vc_col-sm-12 vc_col-lg-6 vc_col-md-6 vc_col-has-fill"><div class="vc_column-inner  vc_custom_1636038943798"><div class="wpb_wrapper">
	<div class="title-subtitle-box" style=" text-align: left;">
		<p  style="">Viticulteur</p>
		<h2 style=" color:#ffffff;  font-style: normal;">José Luis Miguel Izquierdo (Billy)</h2>
	</div> 
	<div class="wpb_text_column wpb_content_element  vc_custom_1742375713887" >
		<div class="wpb_wrapper">
			<p style="text-align: left;">Billy a hérité de sa famille sa passion pour la récolte du raisin. Il prend tellement soin des vignobles que certaines des caves les plus exclusives de la Ribera del Duero, comme Pingus, viennent chaque année récupérer une partie de sa meilleure production. Il estime que la qualité d'un vin dépend de la qualité des raisins.</p>

		</div>
	</div>

	<blockquote style="color: #ffffff;" class="gg-vc-quote style_1">
	Je ne peux concevoir que l&#039;excellence dans la vie, et Montelium en est un témoignage
	</blockquote></div></div></div></div><div class="vc_row-full-width vc_clearfix"></div><div data-vc-full-width="true" data-vc-full-width-init="false" data-vc-stretch-content="true" class="vc_row wpb_row vc_row-fluid vc_custom_1617308337246 reverse_columns_mobile vc_row-no-padding vc_row-o-equal-height vc_row-o-content-middle vc_row-flex"><div class="wpb_column vc_column_container vc_col-sm-12 vc_col-lg-6 vc_col-md-6 vc_col-has-fill"><div class="vc_column-inner  vc_custom_1636039015126"><div class="wpb_wrapper">
	<div class="title-subtitle-box" style=" text-align: left;">
		<p  style="">Œnologue</p>
		<h2 style=" font-style: normal;">Juan-Manuel Burgos</h2>
	</div> 
	<div class="wpb_text_column wpb_content_element  vc_custom_1713024079132" >
		<div class="wpb_wrapper">
			<p style="text-align: left;">La viticulture a attiré l&#039;attention de Juan Manuel Burgos dès le début de son adolescence. C&#039;est vers 1992 qu&#039;il décide de commencer ses études d&#039;œnologie et seulement quatre ans plus tard commence à restructurer le vignoble familial. Il possède une cave dans un village près de Montejo de la Vega qui produit chaque année un demi-million de bouteilles de vin de première qualité.</p>

		</div>
	</div>

	<blockquote  class="gg-vc-quote style_1">
	Les vins sont le résultat d&#039;une manière d&#039;être, d&#039;une manière de ressentir le terroir, d&#039;un état d&#039;esprit, d&#039;une personnalité. Chaque vin cache une richesse de secrets et de circonstances qui le rendent spécial.
	</blockquote></div></div></div><div class="wpb_column vc_column_container vc_col-sm-12 vc_col-lg-6 vc_col-md-6 vc_col-has-fill"><div class="vc_column-inner  vc_custom_1713023236340"><div class="wpb_wrapper"><style>@media (max-width: 991px) {.spacer-1566459782 {height: 0px !important;}}</style><style>@media (max-width: 480px) {.spacer-1566459782 {height: 400px !important;}}</style><div class="vc_empty_space spacer-1566459782"   style="height: 500px"><span class="vc_empty_space_inner"></span></div></div></div></div></div><div class="vc_row-full-width vc_clearfix"></div>
</section>

Viticulturist José Luis Miguel Izquierdo (Billy) Billy inherited its passion for harvesting grapes from his family. He takes so much care of the vineyards that some of the most exclusive<br class="read-more-spacer"> <a class="more-link" href="https://www.montelium.com/fr/nos-vignerons/">Read More</a>
