{"id":2360,"date":"2016-03-27T16:11:42","date_gmt":"2016-03-27T16:11:42","guid":{"rendered":"https:\/\/okthemes.com\/villenoirdarkdemo\/product\/villenoir-riesling-2-2-2\/"},"modified":"2024-04-13T22:36:31","modified_gmt":"2024-04-13T22:36:31","slug":"villenoir-riesling-2-2","status":"publish","type":"product","link":"https:\/\/www.montelium.com\/es\/product\/villenoir-riesling-2-2\/","title":{"rendered":"Villenoir Riesling"},"content":{"rendered":"<section class=\"wpb-content-wrapper\"><div class=\"vc_row wpb_row vc_row-fluid vc_custom_1636231000384 vc_row-o-equal-height vc_row-o-content-middle vc_row-flex\"><div class=\"wpb_column vc_column_container vc_col-sm-12 vc_col-lg-6 vc_col-md-6 vc_col-has-fill\"><div class=\"vc_column-inner  vc_custom_1636230994456\"><div class=\"wpb_wrapper\">\n\t<div class=\"title-subtitle-box\" style=\" text-align: left;\">\n\t\t<p  style=\"\">Especificaciones del vino<\/p>\n\t\t<h1 style=\" font-style: normal;\">Notas de sabor<\/h1>\n\t<\/div> \n\t<div class=\"wpb_text_column wpb_content_element  vc_custom_1460727890422\" >\n\t\t<div class=\"wpb_wrapper\">\n\t\t\t<p>Granate profundo con un borde rub\u00ed vibrante, suave y aterciopelado en el paladar con sabores brillantes de cereza a ciruela. Este vino es pesado y est\u00e1 lleno de bayas frescas y maduras con ricos y oscuros acentos de semilla de cacao. Intrigante y delicioso. De la copa saltan aromas de chocolate negro, ciruela, cereza negra, cedro y estrag\u00f3n.<\/p>\n<p>Una potente mezcla perfumada de bayas, hierbas frescas y notas tostadas con un poco de mineral. Una mezcla convincente de aroma fresco y brillante junto a lo rico y oscuro.<\/p>\n\n\t\t<\/div>\n\t<\/div>\n<\/div><\/div><\/div><div class=\"wpb_column vc_column_container vc_col-sm-12 vc_col-lg-6 vc_col-md-6 vc_hidden-sm vc_hidden-xs vc_col-has-fill\"><div class=\"vc_column-inner  vc_custom_1636449066574\"><div class=\"wpb_wrapper\"><style>@media (max-width: 991px) {.spacer-125822416 {height: 0px !important;}}<\/style><style>@media (max-width: 480px) {.spacer-125822416 {height: 0px !important;}}<\/style><div class=\"vc_empty_space spacer-125822416\"   style=\"height: 500px\"><span class=\"vc_empty_space_inner\"><\/span><\/div><\/div><\/div><\/div><\/div><div class=\"vc_row wpb_row vc_row-fluid vc_custom_1636231023148 vc_row-o-equal-height vc_row-o-content-middle vc_row-flex\"><div class=\"wpb_column vc_column_container vc_col-sm-12 vc_col-lg-6 vc_col-md-6 vc_hidden-sm vc_hidden-xs vc_col-has-fill\"><div class=\"vc_column-inner  vc_custom_1636449080888\"><div class=\"wpb_wrapper\"><style>@media (max-width: 991px) {.spacer-796758054 {height: 0px !important;}}<\/style><style>@media (max-width: 480px) {.spacer-796758054 {height: 0px !important;}}<\/style><div class=\"vc_empty_space spacer-796758054\"   style=\"height: 500px\"><span class=\"vc_empty_space_inner\"><\/span><\/div><\/div><\/div><\/div><div class=\"wpb_column vc_column_container vc_col-sm-12 vc_col-lg-6 vc_col-md-6 vc_col-has-fill\"><div class=\"vc_column-inner  vc_custom_1636231018665\"><div class=\"wpb_wrapper\">\n\t<div class=\"title-subtitle-box\" style=\" text-align: left;\">\n\t\t<p  style=\"\">Especificaciones del vino<\/p>\n\t\t<h1 style=\" font-style: normal;\">Notas de maridaje<\/h1>\n\t<\/div> \n\t<div class=\"wpb_text_column wpb_content_element\" >\n\t\t<div class=\"wpb_wrapper\">\n\t\t\t<p>Uno de nuestros bloques favoritos del vi\u00f1edo Villenoir. Este bloque tiende a realzar el car\u00e1cter arom\u00e1tico y suavizar el paladar de nuestro Cabernet Sauvignon. Estamos orgullosos de ofrecer este vino muy limitado y seleccionado en barrica como un bloque independiente.<\/p>\n\n\t\t<\/div>\n\t<\/div>\n<\/div><\/div><\/div><\/div><div class=\"vc_row wpb_row vc_row-fluid vc_custom_1636231059071 vc_row-o-equal-height vc_row-o-content-middle vc_row-flex\"><div class=\"wpb_column vc_column_container vc_col-sm-12 vc_col-lg-6 vc_col-md-6 vc_col-has-fill\"><div class=\"vc_column-inner  vc_custom_1636231052207\"><div class=\"wpb_wrapper\">\n\t<div class=\"title-subtitle-box\" style=\" text-align: left;\">\n\t\t<p  style=\"\">Especificaciones del vino<\/p>\n\t\t<h1 style=\" font-style: normal;\">Notas del en\u00f3logo<\/h1>\n\t<\/div> \n\t<div class=\"wpb_text_column wpb_content_element\" >\n\t\t<div class=\"wpb_wrapper\">\n\t\t\t<p>Granate profundo con un borde rub\u00ed vibrante, suave y aterciopelado en el paladar con sabores brillantes de cereza a ciruela. Este vino es pesado y est\u00e1 lleno de bayas frescas y maduras con ricos y oscuros acentos de semilla de cacao. Intrigante y delicioso.<\/p>\n<p>De la copa saltan aromas de chocolate negro, ciruela, cereza negra, cedro y estrag\u00f3n.<\/p>\n\n\t\t<\/div>\n\t<\/div>\n<\/div><\/div><\/div><div class=\"wpb_column vc_column_container vc_col-sm-12 vc_col-lg-6 vc_col-md-6 vc_hidden-sm vc_hidden-xs vc_col-has-fill\"><div class=\"vc_column-inner  vc_custom_1636449098718\"><div class=\"wpb_wrapper\"><style>@media (max-width: 991px) {.spacer-212556038 {height: 0px !important;}}<\/style><style>@media (max-width: 480px) {.spacer-212556038 {height: 0px !important;}}<\/style><div class=\"vc_empty_space spacer-212556038\"   style=\"height: 500px\"><span class=\"vc_empty_space_inner\"><\/span><\/div><\/div><\/div><\/div><\/div>\n<\/section>","protected":false},"excerpt":{"rendered":"<p>Servido bien fr\u00edo, nuestro Cabernet Sauvignon aut\u00e9nticamente elaborado es un vino seco refrescante y delicado con toques de fresa, c\u00edtricos y melocot\u00f3n.<\/p>","protected":false},"featured_media":2558,"comment_status":"open","ping_status":"closed","template":"","meta":{"ub_ctt_via":""},"product_brand":[],"product_cat":[47],"product_tag":[],"class_list":{"0":"post-2360","1":"product","2":"type-product","3":"status-publish","4":"has-post-thumbnail","6":"product_cat-white-wines","8":"first","9":"outofstock","10":"taxable","11":"shipping-taxable","12":"product-type-simple"},"acf":[],"jetpack_sharing_enabled":true,"_links":{"self":[{"href":"https:\/\/www.montelium.com\/es\/wp-json\/wp\/v2\/product\/2360","targetHints":{"allow":["GET"]}}],"collection":[{"href":"https:\/\/www.montelium.com\/es\/wp-json\/wp\/v2\/product"}],"about":[{"href":"https:\/\/www.montelium.com\/es\/wp-json\/wp\/v2\/types\/product"}],"replies":[{"embeddable":true,"href":"https:\/\/www.montelium.com\/es\/wp-json\/wp\/v2\/comments?post=2360"}],"wp:featuredmedia":[{"embeddable":true,"href":"https:\/\/www.montelium.com\/es\/wp-json\/wp\/v2\/media\/2558"}],"wp:attachment":[{"href":"https:\/\/www.montelium.com\/es\/wp-json\/wp\/v2\/media?parent=2360"}],"wp:term":[{"taxonomy":"product_brand","embeddable":true,"href":"https:\/\/www.montelium.com\/es\/wp-json\/wp\/v2\/product_brand?post=2360"},{"taxonomy":"product_cat","embeddable":true,"href":"https:\/\/www.montelium.com\/es\/wp-json\/wp\/v2\/product_cat?post=2360"},{"taxonomy":"product_tag","embeddable":true,"href":"https:\/\/www.montelium.com\/es\/wp-json\/wp\/v2\/product_tag?post=2360"}],"curies":[{"name":"wp","href":"https:\/\/api.w.org\/{rel}","templated":true}]}}

<section class="wpb-content-wrapper"><div class="vc_row wpb_row vc_row-fluid vc_custom_1636231000384 vc_row-o-equal-height vc_row-o-content-middle vc_row-flex"><div class="wpb_column vc_column_container vc_col-sm-12 vc_col-lg-6 vc_col-md-6 vc_col-has-fill"><div class="vc_column-inner  vc_custom_1636230994456"><div class="wpb_wrapper">
	<div class="title-subtitle-box" style=" text-align: left;">
		<p  style="">Especificaciones del vino</p>
		<h1 style=" font-style: normal;">Notas de sabor</h1>
	</div> 
	<div class="wpb_text_column wpb_content_element  vc_custom_1460727890422" >
		<div class="wpb_wrapper">
			<p>Granate profundo con un borde rubí vibrante, suave y aterciopelado en el paladar con sabores brillantes de cereza a ciruela. Este vino es pesado y está lleno de bayas frescas y maduras con ricos y oscuros acentos de semilla de cacao. Intrigante y delicioso. De la copa saltan aromas de chocolate negro, ciruela, cereza negra, cedro y estragón.</p>
<p>Una potente mezcla perfumada de bayas, hierbas frescas y notas tostadas con un poco de mineral. Una mezcla convincente de aroma fresco y brillante junto a lo rico y oscuro.</p>

		</div>
	</div>
</div></div></div><div class="wpb_column vc_column_container vc_col-sm-12 vc_col-lg-6 vc_col-md-6 vc_hidden-sm vc_hidden-xs vc_col-has-fill"><div class="vc_column-inner  vc_custom_1636449066574"><div class="wpb_wrapper"><style>@media (max-width: 991px) {.spacer-125822416 {height: 0px !important;}}</style><style>@media (max-width: 480px) {.spacer-125822416 {height: 0px !important;}}</style><div class="vc_empty_space spacer-125822416"   style="height: 500px"><span class="vc_empty_space_inner"></span></div></div></div></div></div><div class="vc_row wpb_row vc_row-fluid vc_custom_1636231023148 vc_row-o-equal-height vc_row-o-content-middle vc_row-flex"><div class="wpb_column vc_column_container vc_col-sm-12 vc_col-lg-6 vc_col-md-6 vc_hidden-sm vc_hidden-xs vc_col-has-fill"><div class="vc_column-inner  vc_custom_1636449080888"><div class="wpb_wrapper"><style>@media (max-width: 991px) {.spacer-796758054 {height: 0px !important;}}</style><style>@media (max-width: 480px) {.spacer-796758054 {height: 0px !important;}}</style><div class="vc_empty_space spacer-796758054"   style="height: 500px"><span class="vc_empty_space_inner"></span></div></div></div></div><div class="wpb_column vc_column_container vc_col-sm-12 vc_col-lg-6 vc_col-md-6 vc_col-has-fill"><div class="vc_column-inner  vc_custom_1636231018665"><div class="wpb_wrapper">
	<div class="title-subtitle-box" style=" text-align: left;">
		<p  style="">Especificaciones del vino</p>
		<h1 style=" font-style: normal;">Notas de maridaje</h1>
	</div> 
	<div class="wpb_text_column wpb_content_element" >
		<div class="wpb_wrapper">
			<p>Uno de nuestros bloques favoritos del viñedo Villenoir. Este bloque tiende a realzar el carácter aromático y suavizar el paladar de nuestro Cabernet Sauvignon. Estamos orgullosos de ofrecer este vino muy limitado y seleccionado en barrica como un bloque independiente.</p>

		</div>
	</div>
</div></div></div></div><div class="vc_row wpb_row vc_row-fluid vc_custom_1636231059071 vc_row-o-equal-height vc_row-o-content-middle vc_row-flex"><div class="wpb_column vc_column_container vc_col-sm-12 vc_col-lg-6 vc_col-md-6 vc_col-has-fill"><div class="vc_column-inner  vc_custom_1636231052207"><div class="wpb_wrapper">
	<div class="title-subtitle-box" style=" text-align: left;">
		<p  style="">Especificaciones del vino</p>
		<h1 style=" font-style: normal;">Notas del enólogo</h1>
	</div> 
	<div class="wpb_text_column wpb_content_element" >
		<div class="wpb_wrapper">
			<p>Granate profundo con un borde rubí vibrante, suave y aterciopelado en el paladar con sabores brillantes de cereza a ciruela. Este vino es pesado y está lleno de bayas frescas y maduras con ricos y oscuros acentos de semilla de cacao. Intrigante y delicioso.</p>
<p>De la copa saltan aromas de chocolate negro, ciruela, cereza negra, cedro y estragón.</p>

		</div>
	</div>
</div></div></div><div class="wpb_column vc_column_container vc_col-sm-12 vc_col-lg-6 vc_col-md-6 vc_hidden-sm vc_hidden-xs vc_col-has-fill"><div class="vc_column-inner  vc_custom_1636449098718"><div class="wpb_wrapper"><style>@media (max-width: 991px) {.spacer-212556038 {height: 0px !important;}}</style><style>@media (max-width: 480px) {.spacer-212556038 {height: 0px !important;}}</style><div class="vc_empty_space spacer-212556038"   style="height: 500px"><span class="vc_empty_space_inner"></span></div></div></div></div></div>
</section>

<p>Servido bien frío, nuestro Cabernet Sauvignon auténticamente elaborado es un vino seco refrescante y delicado con toques de fresa, cítricos y melocotón.</p>
